{"id":32,"date":"2019-09-18T13:29:43","date_gmt":"2019-09-18T13:29:43","guid":{"rendered":"https:\/\/forumlaw.ch\/?page_id=32"},"modified":"2021-01-28T13:46:35","modified_gmt":"2021-01-28T13:46:35","slug":"uberuns","status":"publish","type":"page","link":"https:\/\/forumlaw.ch\/index.php\/uberuns\/","title":{"rendered":"\u00dcber uns"},"content":{"rendered":"\n<h2 class=\"title-class wp-block-heading\"><\/h2>\n\n\n\n<p>Wir verstehen uns als eine auf die F\u00fchrung von Handels-, Zivil- und Strafprozessen spezialisierte Kanzlei. Wir vertreten national und international t\u00e4tige Unternehmungen und Privatpersonen. Dar\u00fcber hinaus beraten wir andere Kanzleien, insbesondere in prozessualen Fragen oder in Rechtsmittelverfahren.<\/p>\n\n\n\n<p>Wir sind \u00fcberzeugt, dass wir unseren Klienten am besten dienen, wenn wir \u2013 basierend auf der gesamtheitlichen Analyse der Situation \u2013 reinen Wein einschenken: klare Analyse, klare Ansage.<\/p>\n\n\n\n<p>\u00abEs kommt darauf an\u2026\u00bb, ist wohl der am h\u00e4ufigsten ge\u00e4usserte Satz in der Juristenzunft. Nur ist damit niemandem geholfen. Wir verstecken uns nicht hinter diesem Satz. Unsere Mandanten d\u00fcrfen erwarten, dass wir \u2013 gest\u00fctzt auf den uns verf\u00fcgbaren Informationen &#8211; klarstm\u00f6gliche Handlungsempfehlungen abgeben. Auch hier gilt: klare Analyse, klare Ansage.<\/p>\n\n\n\n<p>Und weil kein Fall wie der andere  ist, verkaufen wir keine blossen One-size-fits-all-L\u00f6sungen, sondern bieten massgeschneiderte Vorgehensweisen an.<\/p>\n","protected":false},"excerpt":{"rendered":"<p>Wir verstehen uns als eine auf die F\u00fchrung von Handels-, Zivil- und Strafprozessen spezialisierte Kanzlei. Wir vertreten national und international t\u00e4tige Unternehmungen und Privatpersonen. Dar\u00fcber&#8230;<\/p>\n<div class=\"more-link-wrapper\"><a class=\"more-link\" href=\"https:\/\/forumlaw.ch\/index.php\/uberuns\/\">Weiterlesen<span class=\"screen-reader-text\">\u00dcber uns<\/span><\/a><\/div>\n","protected":false},"author":1,"featured_media":0,"parent":0,"menu_order":0,"comment_status":"closed","ping_status":"closed","template":"","meta":{"footnotes":""},"class_list":["post-32","page","type-page","status-publish","hentry","entry"],"_links":{"self":[{"href":"https:\/\/forumlaw.ch\/index.php\/wp-json\/wp\/v2\/pages\/32","targetHints":{"allow":["GET"]}}],"collection":[{"href":"https:\/\/forumlaw.ch\/index.php\/wp-json\/wp\/v2\/pages"}],"about":[{"href":"https:\/\/forumlaw.ch\/index.php\/wp-json\/wp\/v2\/types\/page"}],"author":[{"embeddable":true,"href":"https:\/\/forumlaw.ch\/index.php\/wp-json\/wp\/v2\/users\/1"}],"replies":[{"embeddable":true,"href":"https:\/\/forumlaw.ch\/index.php\/wp-json\/wp\/v2\/comments?post=32"}],"version-history":[{"count":32,"href":"https:\/\/forumlaw.ch\/index.php\/wp-json\/wp\/v2\/pages\/32\/revisions"}],"predecessor-version":[{"id":583,"href":"https:\/\/forumlaw.ch\/index.php\/wp-json\/wp\/v2\/pages\/32\/revisions\/583"}],"wp:attachment":[{"href":"https:\/\/forumlaw.ch\/index.php\/wp-json\/wp\/v2\/media?parent=32"}],"curies":[{"name":"wp","href":"https:\/\/api.w.org\/{rel}","templated":true}]}}