{"id":34,"date":"2019-09-18T13:28:52","date_gmt":"2019-09-18T13:28:52","guid":{"rendered":"https:\/\/forumlaw.ch\/?page_id=34"},"modified":"2023-11-21T11:05:31","modified_gmt":"2023-11-21T11:05:31","slug":"kontakt","status":"publish","type":"page","link":"https:\/\/forumlaw.ch\/index.php\/kontakt\/","title":{"rendered":""},"content":{"rendered":"\n<p class=\"has-text-align-left\"><strong>Anschrift:<\/strong><br>Forum Rechtsanw\u00e4lte<br>Universit\u00e4tsstrasse 100<br>8006 Z\u00fcrich<br>Schweiz<br>Tel.: +41-44-350 10 00<br>Fax: +41-44-350 10 03<br>E-Mail: <a href=\"mailto:info@forumlaw.ch\">info@forumlaw.ch<\/a><\/p>\n\n\n\n<p><strong>Lageplan:<\/strong> <\/p>\n\n\n\n<p><\/p>\n\n\n\n<figure><iframe loading=\"lazy\" id=\"gmap_canvas\" src=\"https:\/\/maps.google.com\/maps?q=universit%C3%A4tsstrasse%20100%20zurich&amp;t=&amp;z=15&amp;ie=UTF8&amp;iwloc=&amp;output=embed\" scrolling=\"no\" marginheight=\"0\" marginwidth=\"0\" width=\"100%\" height=\"500\" frameborder=\"0\"><\/iframe><\/figure>\n\n\n\n<p> <\/p>\n\n\n\n<p> <\/p>\n\n\n\n<p><strong>B\u00fcro in Frauenfeld:<\/strong><br>Forum Rechtsanw\u00e4lte<br>Z\u00fcrcherstrasse 138<br>8500 Frauenfeld<br>Schweiz<br>Tel.: +41-44-350 10 00<br>Fax: +41-44-350 10 03<br>E-Mail: <a href=\"mailto:info@forumlaw.ch\">info@forumlaw.ch<\/a><\/p>\n\n\n\n<p><\/p>\n\n\n\n<p><strong><a href=\"https:\/\/forumlaw.ch\/wp-content\/uploads\/2023\/11\/Datenschutzerklaerung-1.pdf\" data-type=\"attachment\" data-id=\"834\">Datenschutzerkl\u00e4rung<\/a><\/strong><\/p>\n","protected":false},"excerpt":{"rendered":"<p>Anschrift:Forum Rechtsanw\u00e4lteUniversit\u00e4tsstrasse 1008006 Z\u00fcrichSchweizTel.: +41-44-350 10 00Fax: +41-44-350 10 03E-Mail: info@forumlaw.ch Lageplan: B\u00fcro in Frauenfeld:Forum Rechtsanw\u00e4lteZ\u00fcrcherstrasse 1388500 FrauenfeldSchweizTel.: +41-44-350 10 00Fax: +41-44-350 10 03E-Mail: info@forumlaw.ch&#8230;<\/p>\n<div class=\"more-link-wrapper\"><a class=\"more-link\" href=\"https:\/\/forumlaw.ch\/index.php\/kontakt\/\">Weiterlesen<span class=\"screen-reader-text\"><\/span><\/a><\/div>\n","protected":false},"author":1,"featured_media":0,"parent":0,"menu_order":1,"comment_status":"closed","ping_status":"closed","template":"","meta":{"footnotes":""},"class_list":["post-34","page","type-page","status-publish","hentry","entry"],"_links":{"self":[{"href":"https:\/\/forumlaw.ch\/index.php\/wp-json\/wp\/v2\/pages\/34","targetHints":{"allow":["GET"]}}],"collection":[{"href":"https:\/\/forumlaw.ch\/index.php\/wp-json\/wp\/v2\/pages"}],"about":[{"href":"https:\/\/forumlaw.ch\/index.php\/wp-json\/wp\/v2\/types\/page"}],"author":[{"embeddable":true,"href":"https:\/\/forumlaw.ch\/index.php\/wp-json\/wp\/v2\/users\/1"}],"replies":[{"embeddable":true,"href":"https:\/\/forumlaw.ch\/index.php\/wp-json\/wp\/v2\/comments?post=34"}],"version-history":[{"count":43,"href":"https:\/\/forumlaw.ch\/index.php\/wp-json\/wp\/v2\/pages\/34\/revisions"}],"predecessor-version":[{"id":835,"href":"https:\/\/forumlaw.ch\/index.php\/wp-json\/wp\/v2\/pages\/34\/revisions\/835"}],"wp:attachment":[{"href":"https:\/\/forumlaw.ch\/index.php\/wp-json\/wp\/v2\/media?parent=34"}],"curies":[{"name":"wp","href":"https:\/\/api.w.org\/{rel}","templated":true}]}}