{"id":7,"date":"2019-09-18T10:48:44","date_gmt":"2019-09-18T10:48:44","guid":{"rendered":"https:\/\/forumlaw.ch\/?page_id=7"},"modified":"2023-11-27T23:29:16","modified_gmt":"2023-11-27T23:29:16","slug":"startseite","status":"publish","type":"page","link":"https:\/\/forumlaw.ch\/","title":{"rendered":""},"content":{"rendered":"\n<figure class=\"wp-block-image alignfull\"><img loading=\"lazy\" decoding=\"async\" width=\"1024\" height=\"679\" src=\"https:\/\/forumlaw.ch\/wp-content\/uploads\/2019\/10\/zurich-limmat-zurich-riverbed-DSC5913-1-1024x679.jpg\" alt=\"\" class=\"wp-image-499\" srcset=\"https:\/\/forumlaw.ch\/wp-content\/uploads\/2019\/10\/zurich-limmat-zurich-riverbed-DSC5913-1-1024x679.jpg 1024w, https:\/\/forumlaw.ch\/wp-content\/uploads\/2019\/10\/zurich-limmat-zurich-riverbed-DSC5913-1-300x199.jpg 300w, https:\/\/forumlaw.ch\/wp-content\/uploads\/2019\/10\/zurich-limmat-zurich-riverbed-DSC5913-1-768x509.jpg 768w\" sizes=\"auto, (max-width: 1024px) 100vw, 1024px\" \/><\/figure>\n\n\n\n<p class=\"has-text-align-center\">Forum Rechtsanw\u00e4lte | Universit\u00e4tsstrasse 100 | CH-8006 Z\u00fcrich |<br> +41-44-350 10 00 | info@forumlaw.ch<\/p>\n","protected":false},"excerpt":{"rendered":"<p>Forum Rechtsanw\u00e4lte | Universit\u00e4tsstrasse 100 | CH-8006 Z\u00fcrich | +41-44-350 10 00 | info@forumlaw.ch<\/p>\n","protected":false},"author":1,"featured_media":0,"parent":0,"menu_order":0,"comment_status":"closed","ping_status":"closed","template":"","meta":{"footnotes":""},"class_list":["post-7","page","type-page","status-publish","hentry","entry"],"_links":{"self":[{"href":"https:\/\/forumlaw.ch\/index.php\/wp-json\/wp\/v2\/pages\/7","targetHints":{"allow":["GET"]}}],"collection":[{"href":"https:\/\/forumlaw.ch\/index.php\/wp-json\/wp\/v2\/pages"}],"about":[{"href":"https:\/\/forumlaw.ch\/index.php\/wp-json\/wp\/v2\/types\/page"}],"author":[{"embeddable":true,"href":"https:\/\/forumlaw.ch\/index.php\/wp-json\/wp\/v2\/users\/1"}],"replies":[{"embeddable":true,"href":"https:\/\/forumlaw.ch\/index.php\/wp-json\/wp\/v2\/comments?post=7"}],"version-history":[{"count":31,"href":"https:\/\/forumlaw.ch\/index.php\/wp-json\/wp\/v2\/pages\/7\/revisions"}],"predecessor-version":[{"id":839,"href":"https:\/\/forumlaw.ch\/index.php\/wp-json\/wp\/v2\/pages\/7\/revisions\/839"}],"wp:attachment":[{"href":"https:\/\/forumlaw.ch\/index.php\/wp-json\/wp\/v2\/media?parent=7"}],"curies":[{"name":"wp","href":"https:\/\/api.w.org\/{rel}","templated":true}]}}